-3
Let z(g) = -g**3 + 5*g**2 + 4*g - 13. Let j = -240 + 245. Let c be z(j). Let i(b) be the first derivative of b**4/4 - 2*b**3 - 7*b**2/2 + 8*b - 2. Give i(c).
8
Let l(r) = 4*r**2 - 3*r + 2. Let h be l(2). Let c(w) = -13 + 14 - 2*w + h*w**2 + 0. Calculate c(1).
11
Let o(v) = -2*v**2 + v + 2. Suppose -s + 4*x = -36, -8*x + 82 = 2*s - 11*x. Suppose -17*t = 5*t - s. Determine o(t).
-4
Let i(m) = 2*m + 2. Let h(y) = 3*y**3 + 5*y**2 - 3*y + 4. Let x be h(-4). Let c be ((-2256)/36)/(-2*(-3)/9). Let p = x - c. What is i(p)?
-2
Let h(k) = -11*k**2 - k + 2. Let j(a) = a**3 - a**2 - 202*a + 401. Let c be j(2). Calculate h(c).
-10
Suppose 4*g + 6*k = 2*k - 4, 4*g - 6 = k. Let c(f) be the first derivative of -3*f + 7*f**2 - 6*f - 5 + 5*f + 5*f. Calculate c(g).
15
Let r(n) = 138*n**3 + 2*n**2 + 3*n + 1. Suppose -169*x - 167*x = -333*x + 3. What is r(x)?
-138
Suppose -c = c - 10. Suppose -z + c*z = 0. Let h(b) = -12 + z*b**3 + 14*b**2 + 0*b - 5*b**2 + 2*b - b**3. Give h(9).
6
Let h be ((-3)/6)/(1/(-4)). Let p = -9840 - -9847. Let i(a) = 28*a**3 + 27*a**3 + p*a**2 - 54*a**3 + h + 7*a. Calculate i(-6).
-4
Let y(w) = 3*w**2 - 9*w + 10. Let f(r) = -13*r**2 + 37*r - 40. Let h(a) = 2*f(a) + 9*y(a). Let c be -298*(-18)/4*(-10)/(-30). Let q = c + -440. Determine h(q).
10
Let o(h) = h**3 - 19*h**2 - 151*h + 21. Let f = -39739 + 39764. Determine o(f).
-4
Let g = -140 + 47. Let o = g + 98. Let d(x) be the second derivative of -x**4/12 + 2*x**3/3 - x**2/2 + x. Give d(o).
-6
Let k(t) = -t**3 - 14*t**2 - 5*t - 56. Suppose -2*o = -5*f + 53 - 111, -3*f = 2*o + 54. Give k(f).
14
Suppose -5*o + 228 = 4*y, 340 - 97 = 5*o - y. Suppose 34*t - 31*t - o = 0. Let g = t + -19. Let z(v) = v**3 + 4*v**2 - v - 2. What is z(g)?
10
Let v(w) = 2*w - 1. Let z(k) = -5*k + 2. Let j(f) = -14*v(f) - 6*z(f). Suppose 4*u + 3*g = 2*u - 1, 22 = -2*u + 4*g. Give j(u).
-8
Let t(h) = h**3 + 8*h**2 + 4*h - 13. Let v(l) = -2*l**3 - 16*l**2 - 6*l + 23. Let x(r) = 5*t(r) + 3*v(r). Give x(-6).
-80
Let s(b) = -35 - 32*b + 26 - 85 - b**2 + 4. What is s(-29)?
-3
Let b = 8 + -5. Let y(u) be the first derivative of -u**4/12 + 5*u**3/6 + 2*u**2 + 149*u - 314. Let c(t) be the first derivative of y(t). Give c(b).
10
Let v(o) = -o**2 - 2*o - 10. Suppose -330 = 50*w + 60*w. Give v(w).
-13
Let d(y) = -2*y + 6. Let s = -251 + 449. Let v be (s/110)/(6/80). Suppose 0 = 4*m - 4*w - 24, -4*w = 5*m - v + 3. Determine d(m).
-4
Let h(u) = 2*u**2 + 5*u + 3. Let a be ((-3)/((-9)/(-16)))/(4/(-6)). Suppose -i + 6*g - 7*g = 4, 4*g - a = 4*i. Calculate h(i).
6
Let d = -694 - -697. Let y(l) = -1 + 29*l - d*l - 24*l. Calculate y(11).
21
Let u(r) be the second derivative of r**6/360 - r**5/120 - r**4/24 - 2*r**3/3 - 2*r**2 - 70*r. Let k(x) be the second derivative of u(x). Give k(2).
1
Let g = -10 + 23. Let t(m) = 3*m - 21. Let i(l) = l - 1. Let c(q) = 2*i(q) - t(q). Let v be c(g). Let j(p) = p**3 - 5*p**2 - 5*p. Calculate j(v).
6
Let g(n) be the third derivative of -n**4/8 + 50*n**2. Suppose -2*i = -3*i + 6. Suppose -4*r - 2 = -i. What is g(r)?
-3
Let q be 15/(240/112) + -5. Let m(v) be the first derivative of -16 + q*v - 1/3*v**3 + 4*v**2. Give m(5).
17
Suppose -9 = 21*f - 51. Let l(j) = -7*j + 7. Let x(t) = 13*t - 16. Let r(s) = 5*l(s) + 2*x(s). What is r(f)?
-15
Suppose 6*g + 7 = 13*g. Let p be (0 + 1 + g)*2. Let h(b) = 3*b + 7 + 5 - p. Give h(-6).
-10
Let n = -337 + 353. Suppose m - 2*u - n = 0, -30*m + 3 = -32*m - 3*u. Let t(r) = -r**2 + 7*r - 8. Determine t(m).
-2
Let c(x) = x - 1. Let s(v) = 14*v**2 + 9*v + 5*v - 16*v - 13*v**2. Let r(d) = c(d) - s(d). Determine r(3).
-1
Let v(s) = 2*s**2 + 3*s. Let a(p) = -4*p + 2*p + 0*p - 154 + 128. Let n be a(-13). Suppose -3*x + 3*y - 9 = n, -3*x + 2*y + 3*y = 9. Calculate v(x).
9
Suppose 5*k - 4*s = 660, 2*k - 224 = 3*s + 40. Let q = k - 127. Let a(v) = v**3 - 6*v**2 + 4*v + 7. Give a(q).
2
Let d(w) = -w**2 - 10*w - 12. Let i be d(-2). Let x(k) = -32*k + i - 3*k**2 + k**2 + 68*k - 35*k. Determine x(-2).
-6
Let u(o) = -3*o**2 - 3*o - 2. Suppose 0 = 2*z + 4*i - 64, -i + 4*i = -15. Let a = z + -40. Suppose -5*y - 20 = 0, 0 = 3*m - 3*y - 4 - a. What is u(m)?
-8
Let l(b) = -2*b + 9 - 2 + b. Suppose -6*z + 3*z + 41 = 5*p, 2*z = -2*p + 18. Give l(p).
0
Let u(i) = 12*i**2 - 381*i - 110. Let n be u(32). Let o(j) = j**3 + 14*j**2 + 17*j + 233. Give o(n).
-5
Let j(p) = 12*p + 15. Suppose 88*u + 35 = 92*u + 3. Determine j(u).
111
Let q(y) = y**3 - y**2 + 9*y - 8. Let a be q(7). Let f = a + -354. Let h(m) = -m + 1 + 1 + 0*m. Determine h(f).
7
Suppose 39 = 72*b - 69*b. Let t(c) = -5 + c + 27 - b - 16. Determine t(8).
1
Let i(c) = -c + 6. Suppose -102*y = -34*y - 204. What is i(y)?
3
Let g = -1 - -4. Let j(i) = -49*i + 297. Let v be j(6). Suppose 5*n - v*t - 3 = 3, g*t = 3*n. Let m(h) = h**3 - 4*h**2 + 5*h - 2. Calculate m(n).
4
Let y(x) = -x**3 - 9*x**2 - 4*x - 2. Let c(v) = -v**3 - 9*v**2 - 3*v - 3. Let w(i) = 4*c(i) - 5*y(i). Let s = 307 - 314. What is w(s)?
40
Let j(z) = -9*z**3 + 20*z**2 - 9*z + 17. Let g(w) = -10*w**3 + 22*w**2 - 10*w + 18. Let c(q) = -10*g(q) + 11*j(q). What is c(0)?
7
Let m(d) = 7*d**3 + 7*d**2 + 4*d - 8. Let c(r) = -3*r**3 - 3*r**2 - r + 4. Let y be (-24)/(-42)*(-14)/(-4). Let i(h) = y*m(h) + 5*c(h). Give i(3).
-23
Let k(j) = j - 45. Let s(n) = 6*n**3 - 98*n**2 + 201*n - 10. Let p be s(2). What is k(p)?
3
Let h be (-7 + 4)/(1/12). Let y be 0 - (h/(-4) + -6). Let x(b) = 5*b**2 - 6*b. Let l(z) = -3*z**2 + 4*z. Let p(d) = 8*l(d) + 5*x(d). Give p(y).
3
Let o(v) = -v - 2. Let i be -3 + 2 + -2*25/(-10). Let k(y) = -y - 13. Let x(r) = i*o(r) - k(r). Determine x(4).
-7
Let y = -550 - -548. Let q(b) = -8*b - 3. Let s(o) = 9*o + 4. Let i(c) = 3*q(c) + 2*s(c). Determine i(y).
11
Let j(u) be the first derivative of u**3/3 + 19*u**2/2 - 10*u - 3060. Give j(-20).
10
Let s(a) = -15*a - 1. Let v(n) = -n**2 - 2*n + 2. Let b be v(0). Suppose 0 = -b*d - 38 + 36. Determine s(d).
14
Suppose -4038*r + 3 = -4035*r. Suppose 2*l + 21 = 3*n, 0*n = 2*n - 2*l - 16. Let y(z) = -z + 26*z**2 + n - 4 + 0*z. What is y(r)?
26
Let w(o) = 3664*o**3 + 21*o - 1834*o**3 - o**2 + 24 - 1829*o**3 + 9*o**2. Give w(-5).
-6
Let b(m) be the second derivative of 7*m**3/3 + 3*m**2 + 4678*m. Determine b(10).
146
Let a(t) = 2*t**3 + 2*t + 7. Suppose 4*z = 13*f - 8*f - 15, 0 = -5*z + 2*f - 6. Determine a(z).
7
Let r(c) be the third derivative of c**6/120 - 3*c**3/2 + 48*c**2 + c. Let t(f) = -5*f**3 + 35. Let q(a) = 9*r(a) + 2*t(a). Give q(0).
-11
Let b(g) = g**2 - 5*g - 6. Suppose p + 24 = -0*p. Let f = p + 26. Suppose 0 = -5*m - 10, -5*k + 0*m = f*m - 26. What is b(k)?
0
Let q(g) = -4*g**2 - 4*g + 2. Let a(f) = -f**2 + f + 1. Let p = 354 - 359. Let l(r) = p*a(r) + q(r). Calculate l(9).
-3
Let t(g) be the second derivative of 18 - 1/6*g**3 - 13/2*g**2 - 1/12*g**4 - 3*g. Determine t(0).
-13
Let w(c) = c - 27 + 12*c**2 + 71 - c**3 - 57. Determine w(12).
-1
Suppose 2*k - 9 = 29. Suppose t = -k + 24. Let y(d) = 2*d**3 - 11*d**2 + 5*d - 6. Calculate y(t).
-6
Let n be (12/(-4))/(9/(-6)). Let u(t) = -2*t**n - 2 + 157*t - 157*t. Suppose -37*o + 24 = -25*o. What is u(o)?
-10
Let t(z) be the third derivative of 0 + 5*z + 4*z**2 - 7/24*z**4 - 1/30*z**5 - 1/6*z**3. Calculate t(-5).
-16
Let z(v) = 6*v**2 + 15*v + 7. Let w(p) = -5*p**2 - 15*p - 7. Let a(o) = 5*w(o) + 4*z(o). Suppose 49*f = -20*f - 51*f - 43*f - 2119. Calculate a(f).
19
Let m(h) = -2*h**2 - 1. Let l(x) = -19*x**2 - 2*x - 8. Let o(d) = 18*d**2 + 2*d + 7. Let c(b) = -5*l(b) - 4*o(b). Let r(p) = -2*c(p) - 22*m(p). Determine r(-2).
-2
Let f(n) = -41*n + 397 - 5*n + 60*n. Calculate f(-28).
5
Let f = 433 + -431. Suppose q - 3 = -f*z + 2*q, -5*z - 3 = q. Let r(g) = -g**3 + 2. What is r(z)?
2
Let l(x) = x**3 + 9*x**2 - 2*x - 14. Let h(n) = -n**2 + 9*n + 43. Let k be h(-4). Give l(k).
4
Let c(h) = h**2 + 13*h + 7. Let w = 391 + -371. Suppose 5*z = w, -2*n + 6*n + 56 = 4*z. Calculate c(n).
-23
Let r(i) = -5 - 2 - 2*i - 1 + 4. Suppose 4*s - 1335 = -5*b, -5*b - 1438 = -3*s - 463. Let p be s/(-70) + (-4)/14. What is r(p)?
6
Let b(j) = -2 - j + 0*j + 0. Let p = 21 - 48. Let z = -21 - p. Calculate b(z).
-8
Suppose c + 0*c - 3*z = -56, -98 = 2*c + z. Let u be 2*(-10)/c - 2/5. Let p(x) = -x. Calculate p(u).
0
Let v(a) = 8016*a**2 + 16 - 3*a**3 + 8 - 4 - 8010*a**2 + 13*a + 4*a**3. De